{"id":294,"date":"2022-08-17T16:22:41","date_gmt":"2022-08-17T14:22:41","guid":{"rendered":"https:\/\/sunnesyte.inflagranti.ch\/?page_id=294"},"modified":"2023-04-03T11:17:44","modified_gmt":"2023-04-03T09:17:44","slug":"download-und-links","status":"publish","type":"page","link":"https:\/\/sunnesyte.inflagranti.ch\/index.php\/download-und-links\/","title":{"rendered":"Download und Links"},"content":{"rendered":"\t\t<div data-elementor-type=\"wp-page\" data-elementor-id=\"294\" class=\"elementor elementor-294\">\n\t\t\t\t\t\t\t<div class=\"elementor-element elementor-element-ca3653e e-container--column e-container\" data-id=\"ca3653e\" data-element_type=\"container\">\t\t\t\t<div class=\"elementor-element elementor-element-2e4f92b elementor-widget elementor-widget-spacer\" data-id=\"2e4f92b\" data-element_type=\"widget\" data-widget_type=\"spacer.default\">\n\t\t\t\t<div class=\"elementor-widget-container\">\n\t\t\t<style>\/*! elementor - v3.6.7 - 03-07-2022 *\/\n.e-container.e-container--row .elementor-spacer-inner{width:var(--spacer-size)}.e-container.e-container--column .elementor-spacer-inner,.elementor-column .elementor-spacer-inner{height:var(--spacer-size)}<\/style>\t\t<div class=\"elementor-spacer\">\n\t\t\t<div class=\"elementor-spacer-inner\"><\/div>\n\t\t<\/div>\n\t\t\t\t<\/div>\n\t\t\t\t<\/div>\n\t\t\t\t<div class=\"elementor-element elementor-element-f5b80d4 elementor-widget elementor-widget-heading\" data-id=\"f5b80d4\" data-element_type=\"widget\" data-widget_type=\"heading.default\">\n\t\t\t\t<div class=\"elementor-widget-container\">\n\t\t\t<style>\/*! elementor - v3.6.7 - 03-07-2022 *\/\n.elementor-heading-title{padding:0;margin:0;line-height:1}.elementor-widget-heading .elementor-heading-title[class*=elementor-size-]>a{color:inherit;font-size:inherit;line-height:inherit}.elementor-widget-heading .elementor-heading-title.elementor-size-small{font-size:15px}.elementor-widget-heading .elementor-heading-title.elementor-size-medium{font-size:19px}.elementor-widget-heading .elementor-heading-title.elementor-size-large{font-size:29px}.elementor-widget-heading .elementor-heading-title.elementor-size-xl{font-size:39px}.elementor-widget-heading .elementor-heading-title.elementor-size-xxl{font-size:59px}<\/style><h2 class=\"elementor-heading-title elementor-size-default\">Download und Links<\/h2>\t\t<\/div>\n\t\t\t\t<\/div>\n\t\t\t\t<div class=\"elementor-element elementor-element-c3fecab elementor-widget elementor-widget-accordion\" data-id=\"c3fecab\" data-element_type=\"widget\" data-widget_type=\"accordion.default\">\n\t\t\t\t<div class=\"elementor-widget-container\">\n\t\t\t<style>\/*! elementor - v3.6.7 - 03-07-2022 *\/\n.elementor-accordion{text-align:left}.elementor-accordion .elementor-accordion-item{border:1px solid #d4d4d4}.elementor-accordion .elementor-accordion-item+.elementor-accordion-item{border-top:none}.elementor-accordion .elementor-tab-title{margin:0;padding:15px 20px;font-weight:700;line-height:1;cursor:pointer;outline:none}.elementor-accordion .elementor-tab-title .elementor-accordion-icon{display:inline-block;width:1.5em}.elementor-accordion .elementor-tab-title .elementor-accordion-icon svg{width:1em;height:1em}.elementor-accordion .elementor-tab-title .elementor-accordion-icon.elementor-accordion-icon-right{float:right;text-align:right}.elementor-accordion .elementor-tab-title .elementor-accordion-icon.elementor-accordion-icon-left{float:left;text-align:left}.elementor-accordion .elementor-tab-title .elementor-accordion-icon .elementor-accordion-icon-closed{display:block}.elementor-accordion .elementor-tab-title .elementor-accordion-icon .elementor-accordion-icon-opened,.elementor-accordion .elementor-tab-title.elementor-active .elementor-accordion-icon-closed{display:none}.elementor-accordion .elementor-tab-title.elementor-active .elementor-accordion-icon-opened{display:block}.elementor-accordion .elementor-tab-content{display:none;padding:15px 20px;border-top:1px solid #d4d4d4}@media (max-width:767px){.elementor-accordion .elementor-tab-title{padding:12px 15px}.elementor-accordion .elementor-tab-title .elementor-accordion-icon{width:1.2em}.elementor-accordion .elementor-tab-content{padding:7px 15px}}<\/style>\t\t<div class=\"elementor-accordion\" role=\"tablist\">\n\t\t\t\t\t\t\t<div class=\"elementor-accordion-item\">\n\t\t\t\t\t<div id=\"elementor-tab-title-2051\" class=\"elementor-tab-title\" data-tab=\"1\" role=\"tab\" aria-controls=\"elementor-tab-content-2051\" aria-expanded=\"false\">\n\t\t\t\t\t\t\t\t\t\t\t\t\t<span class=\"elementor-accordion-icon elementor-accordion-icon-right\" aria-hidden=\"true\">\n\t\t\t\t\t\t\t\t\t\t\t\t\t\t\t<span class=\"elementor-accordion-icon-closed\"><i class=\"fas fa-plus\"><\/i><\/span>\n\t\t\t\t\t\t\t\t<span class=\"elementor-accordion-icon-opened\"><i class=\"fas fa-minus\"><\/i><\/span>\n\t\t\t\t\t\t\t\t\t\t\t\t\t\t<\/span>\n\t\t\t\t\t\t\t\t\t\t\t\t<a class=\"elementor-accordion-title\" href=\"\">Gesch\u00e4ftsberichte<\/a>\n\t\t\t\t\t<\/div>\n\t\t\t\t\t<div id=\"elementor-tab-content-2051\" class=\"elementor-tab-content elementor-clearfix\" data-tab=\"1\" role=\"tabpanel\" aria-labelledby=\"elementor-tab-title-2051\"><p><a href=\"http:\/\/www.sunnesyte.ch\/downloads\/geschaeftsbericht-2021\/\" target=\"_blank\" rel=\"noopener\">Gesch\u00e4ftsbericht 2021<\/a><\/p><p><a href=\"http:\/\/www.sunnesyte.ch\/downloads\/geschaeftsbericht-2020\/\" target=\"_blank\" rel=\"noopener\">Gesch\u00e4ftsbericht 2020<\/a><\/p><p><a href=\"http:\/\/www.sunnesyte.ch\/downloads\/geschaeftsbericht-2019\/\" target=\"_blank\" rel=\"noopener\">Gesch\u00e4ftsbericht 2019<\/a><\/p><p><a href=\"http:\/\/www.sunnesyte.ch\/downloads\/geschaeftsbericht-2018\/\" target=\"_blank\" rel=\"noopener\">Gesch\u00e4ftsbericht 2018<\/a><\/p><\/div>\n\t\t\t\t<\/div>\n\t\t\t\t\t\t\t<div class=\"elementor-accordion-item\">\n\t\t\t\t\t<div id=\"elementor-tab-title-2052\" class=\"elementor-tab-title\" data-tab=\"2\" role=\"tab\" aria-controls=\"elementor-tab-content-2052\" aria-expanded=\"false\">\n\t\t\t\t\t\t\t\t\t\t\t\t\t<span class=\"elementor-accordion-icon elementor-accordion-icon-right\" aria-hidden=\"true\">\n\t\t\t\t\t\t\t\t\t\t\t\t\t\t\t<span class=\"elementor-accordion-icon-closed\"><i class=\"fas fa-plus\"><\/i><\/span>\n\t\t\t\t\t\t\t\t<span class=\"elementor-accordion-icon-opened\"><i class=\"fas fa-minus\"><\/i><\/span>\n\t\t\t\t\t\t\t\t\t\t\t\t\t\t<\/span>\n\t\t\t\t\t\t\t\t\t\t\t\t<a class=\"elementor-accordion-title\" href=\"\">Dokumente<\/a>\n\t\t\t\t\t<\/div>\n\t\t\t\t\t<div id=\"elementor-tab-content-2052\" class=\"elementor-tab-content elementor-clearfix\" data-tab=\"2\" role=\"tabpanel\" aria-labelledby=\"elementor-tab-title-2052\"><p><a href=\"https:\/\/sunnesyte.inflagranti.ch\/wp-content\/uploads\/2022\/08\/Gesuchsformular-2022-website.pdf\" target=\"_blank\" rel=\"noopener\">Beitragsgesuch<\/a><\/p><\/div>\n\t\t\t\t<\/div>\n\t\t\t\t\t\t\t\t<\/div>\n\t\t\t\t<\/div>\n\t\t\t\t<\/div>\n\t\t<\/div><div class=\"elementor-element elementor-element-65244cd e-container--column e-container\" data-id=\"65244cd\" data-element_type=\"container\">\t\t\t\t<div class=\"elementor-element elementor-element-2fde120 elementor-widget elementor-widget-spacer\" data-id=\"2fde120\" data-element_type=\"widget\" data-widget_type=\"spacer.default\">\n\t\t\t\t<div class=\"elementor-widget-container\">\n\t\t\t\t\t<div class=\"elementor-spacer\">\n\t\t\t<div class=\"elementor-spacer-inner\"><\/div>\n\t\t<\/div>\n\t\t\t\t<\/div>\n\t\t\t\t<\/div>\n\t\t<\/div>\t\t\t\t\t<\/div>\n\t\t","protected":false},"excerpt":{"rendered":"<p>Download und Links Gesch\u00e4ftsberichte Gesch\u00e4ftsbericht 2021 Gesch\u00e4ftsbericht 2020 Gesch\u00e4ftsbericht 2019 Gesch\u00e4ftsbericht 2018 Dokumente Beitragsgesuch<\/p>\n","protected":false},"author":3,"featured_media":0,"parent":0,"menu_order":0,"comment_status":"closed","ping_status":"closed","template":"","meta":{"footnotes":""},"class_list":["post-294","page","type-page","status-publish","hentry"],"acf":[],"yoast_head":"<!-- This site is optimized with the Yoast SEO plugin v19.3 - https:\/\/yoast.com\/wordpress\/plugins\/seo\/ -->\n<title>Download und Links - Stiftung Sunnesyte<\/title>\n<meta name=\"robots\" content=\"noindex, follow, max-snippet:-1, max-image-preview:large, max-video-preview:-1\" \/>\n<meta property=\"og:locale\" content=\"de_DE\" \/>\n<meta property=\"og:type\" content=\"article\" \/>\n<meta property=\"og:title\" content=\"Download und Links - Stiftung Sunnesyte\" \/>\n<meta property=\"og:description\" content=\"Download und Links Gesch\u00e4ftsberichte Gesch\u00e4ftsbericht 2021 Gesch\u00e4ftsbericht 2020 Gesch\u00e4ftsbericht 2019 Gesch\u00e4ftsbericht 2018 Dokumente Beitragsgesuch\" \/>\n<meta property=\"og:url\" content=\"https:\/\/sunnesyte.inflagranti.ch\/index.php\/download-und-links\/\" \/>\n<meta property=\"og:site_name\" content=\"Stiftung Sunnesyte\" \/>\n<meta property=\"article:modified_time\" content=\"2023-04-03T09:17:44+00:00\" \/>\n<meta name=\"twitter:card\" content=\"summary_large_image\" \/>\n<meta name=\"twitter:label1\" content=\"Est. reading time\" \/>\n\t<meta name=\"twitter:data1\" content=\"1\u00a0Minute\" \/>\n<script type=\"application\/ld+json\" class=\"yoast-schema-graph\">{\"@context\":\"https:\/\/schema.org\",\"@graph\":[{\"@type\":\"Organization\",\"@id\":\"https:\/\/sunnesyte.inflagranti.ch\/#organization\",\"name\":\"Stiftung Sunnesyte\",\"url\":\"https:\/\/sunnesyte.inflagranti.ch\/\",\"sameAs\":[],\"logo\":{\"@type\":\"ImageObject\",\"inLanguage\":\"de-CH\",\"@id\":\"https:\/\/sunnesyte.inflagranti.ch\/#\/schema\/logo\/image\/\",\"url\":\"https:\/\/sunnesyte.inflagranti.ch\/wp-content\/uploads\/2022\/06\/logo_sunnesyte.jpg\",\"contentUrl\":\"https:\/\/sunnesyte.inflagranti.ch\/wp-content\/uploads\/2022\/06\/logo_sunnesyte.jpg\",\"width\":230,\"height\":58,\"caption\":\"Stiftung Sunnesyte\"},\"image\":{\"@id\":\"https:\/\/sunnesyte.inflagranti.ch\/#\/schema\/logo\/image\/\"}},{\"@type\":\"WebSite\",\"@id\":\"https:\/\/sunnesyte.inflagranti.ch\/#website\",\"url\":\"https:\/\/sunnesyte.inflagranti.ch\/\",\"name\":\"Stiftung Sunnesyte\",\"description\":\"Eine weitere WordPress-Website\",\"publisher\":{\"@id\":\"https:\/\/sunnesyte.inflagranti.ch\/#organization\"},\"potentialAction\":[{\"@type\":\"SearchAction\",\"target\":{\"@type\":\"EntryPoint\",\"urlTemplate\":\"https:\/\/sunnesyte.inflagranti.ch\/?s={search_term_string}\"},\"query-input\":\"required name=search_term_string\"}],\"inLanguage\":\"de-CH\"},{\"@type\":\"WebPage\",\"@id\":\"https:\/\/sunnesyte.inflagranti.ch\/index.php\/download-und-links\/\",\"url\":\"https:\/\/sunnesyte.inflagranti.ch\/index.php\/download-und-links\/\",\"name\":\"Download und Links - Stiftung Sunnesyte\",\"isPartOf\":{\"@id\":\"https:\/\/sunnesyte.inflagranti.ch\/#website\"},\"datePublished\":\"2022-08-17T14:22:41+00:00\",\"dateModified\":\"2023-04-03T09:17:44+00:00\",\"breadcrumb\":{\"@id\":\"https:\/\/sunnesyte.inflagranti.ch\/index.php\/download-und-links\/#breadcrumb\"},\"inLanguage\":\"de-CH\",\"potentialAction\":[{\"@type\":\"ReadAction\",\"target\":[\"https:\/\/sunnesyte.inflagranti.ch\/index.php\/download-und-links\/\"]}]},{\"@type\":\"BreadcrumbList\",\"@id\":\"https:\/\/sunnesyte.inflagranti.ch\/index.php\/download-und-links\/#breadcrumb\",\"itemListElement\":[{\"@type\":\"ListItem\",\"position\":1,\"name\":\"Home\",\"item\":\"https:\/\/sunnesyte.inflagranti.ch\/\"},{\"@type\":\"ListItem\",\"position\":2,\"name\":\"Download und Links\"}]}]}<\/script>\n<!-- \/ Yoast SEO plugin. -->","yoast_head_json":{"title":"Download und Links - Stiftung Sunnesyte","robots":{"index":"noindex","follow":"follow","max-snippet":"max-snippet:-1","max-image-preview":"max-image-preview:large","max-video-preview":"max-video-preview:-1"},"og_locale":"de_DE","og_type":"article","og_title":"Download und Links - Stiftung Sunnesyte","og_description":"Download und Links Gesch\u00e4ftsberichte Gesch\u00e4ftsbericht 2021 Gesch\u00e4ftsbericht 2020 Gesch\u00e4ftsbericht 2019 Gesch\u00e4ftsbericht 2018 Dokumente Beitragsgesuch","og_url":"https:\/\/sunnesyte.inflagranti.ch\/index.php\/download-und-links\/","og_site_name":"Stiftung Sunnesyte","article_modified_time":"2023-04-03T09:17:44+00:00","twitter_card":"summary_large_image","twitter_misc":{"Est. reading time":"1\u00a0Minute"},"schema":{"@context":"https:\/\/schema.org","@graph":[{"@type":"Organization","@id":"https:\/\/sunnesyte.inflagranti.ch\/#organization","name":"Stiftung Sunnesyte","url":"https:\/\/sunnesyte.inflagranti.ch\/","sameAs":[],"logo":{"@type":"ImageObject","inLanguage":"de-CH","@id":"https:\/\/sunnesyte.inflagranti.ch\/#\/schema\/logo\/image\/","url":"https:\/\/sunnesyte.inflagranti.ch\/wp-content\/uploads\/2022\/06\/logo_sunnesyte.jpg","contentUrl":"https:\/\/sunnesyte.inflagranti.ch\/wp-content\/uploads\/2022\/06\/logo_sunnesyte.jpg","width":230,"height":58,"caption":"Stiftung Sunnesyte"},"image":{"@id":"https:\/\/sunnesyte.inflagranti.ch\/#\/schema\/logo\/image\/"}},{"@type":"WebSite","@id":"https:\/\/sunnesyte.inflagranti.ch\/#website","url":"https:\/\/sunnesyte.inflagranti.ch\/","name":"Stiftung Sunnesyte","description":"Eine weitere WordPress-Website","publisher":{"@id":"https:\/\/sunnesyte.inflagranti.ch\/#organization"},"potentialAction":[{"@type":"SearchAction","target":{"@type":"EntryPoint","urlTemplate":"https:\/\/sunnesyte.inflagranti.ch\/?s={search_term_string}"},"query-input":"required name=search_term_string"}],"inLanguage":"de-CH"},{"@type":"WebPage","@id":"https:\/\/sunnesyte.inflagranti.ch\/index.php\/download-und-links\/","url":"https:\/\/sunnesyte.inflagranti.ch\/index.php\/download-und-links\/","name":"Download und Links - Stiftung Sunnesyte","isPartOf":{"@id":"https:\/\/sunnesyte.inflagranti.ch\/#website"},"datePublished":"2022-08-17T14:22:41+00:00","dateModified":"2023-04-03T09:17:44+00:00","breadcrumb":{"@id":"https:\/\/sunnesyte.inflagranti.ch\/index.php\/download-und-links\/#breadcrumb"},"inLanguage":"de-CH","potentialAction":[{"@type":"ReadAction","target":["https:\/\/sunnesyte.inflagranti.ch\/index.php\/download-und-links\/"]}]},{"@type":"BreadcrumbList","@id":"https:\/\/sunnesyte.inflagranti.ch\/index.php\/download-und-links\/#breadcrumb","itemListElement":[{"@type":"ListItem","position":1,"name":"Home","item":"https:\/\/sunnesyte.inflagranti.ch\/"},{"@type":"ListItem","position":2,"name":"Download und Links"}]}]}},"_links":{"self":[{"href":"https:\/\/sunnesyte.inflagranti.ch\/index.php\/wp-json\/wp\/v2\/pages\/294","targetHints":{"allow":["GET"]}}],"collection":[{"href":"https:\/\/sunnesyte.inflagranti.ch\/index.php\/wp-json\/wp\/v2\/pages"}],"about":[{"href":"https:\/\/sunnesyte.inflagranti.ch\/index.php\/wp-json\/wp\/v2\/types\/page"}],"author":[{"embeddable":true,"href":"https:\/\/sunnesyte.inflagranti.ch\/index.php\/wp-json\/wp\/v2\/users\/3"}],"replies":[{"embeddable":true,"href":"https:\/\/sunnesyte.inflagranti.ch\/index.php\/wp-json\/wp\/v2\/comments?post=294"}],"version-history":[{"count":35,"href":"https:\/\/sunnesyte.inflagranti.ch\/index.php\/wp-json\/wp\/v2\/pages\/294\/revisions"}],"predecessor-version":[{"id":1061,"href":"https:\/\/sunnesyte.inflagranti.ch\/index.php\/wp-json\/wp\/v2\/pages\/294\/revisions\/1061"}],"wp:attachment":[{"href":"https:\/\/sunnesyte.inflagranti.ch\/index.php\/wp-json\/wp\/v2\/media?parent=294"}],"curies":[{"name":"wp","href":"https:\/\/api.w.org\/{rel}","templated":true}]}}